
Is 4105793 composite?
False
Is 110386471 a prime number?
False
Is 214285751 prime?
True
Is 9856709 prime?
True
Is 149213 prime?
True
Is 919129 a composite number?
False
Is 4230437 a prime number?
False
Is 5694451 composite?
True
Is 4296191 a prime number?
False
Is 65293 a composite number?
False
Is 152335831 a prime number?
False
Is 11474107 a composite number?
True
Is 100707569 a composite number?
False
Is 214214137 a composite number?
False
Is 12240573 composite?
True
Is 70718771 a composite number?
False
Is 1290787 a prime number?
False
Is 33193541 composite?
False
Is 33178105 composite?
True
Is 53133229 a composite number?
False
Is 8695639 prime?
True
Is 70714349 a prime number?
False
Is 177791 a prime number?
True
Is 64141921 a prime number?
True
Is 62093 a composite number?
True
Is 6519397 a prime number?
True
Is 152540981 composite?
True
Is 132716989 a composite number?
False
Is 4620199 a composite number?
True
Is 4498979 a composite number?
False
Is 30291463 prime?
False
Is 79185891 a composite number?
True
Is 1677047 prime?
True
Is 33729449 a composite number?
True
Is 4041151 a prime number?
True
Is 10462589 a prime number?
True
Is 37610051 composite?
False
Is 226425061 composite?
False
Is 158151055 a prime number?
False
Is 132277389 a composite number?
True
Is 98640173 a prime number?
False
Is 576799 a prime number?
False
Is 891481 prime?
True
Is 37153309 prime?
False
Is 604067 prime?
False
Is 5186726 prime?
False
Is 51257693 a prime number?
True
Is 989411 a prime number?
True
Is 4518989 prime?
True
Is 9847463 a composite number?
False
Is 1122167 a composite number?
True
Is 14015251 prime?
True
Is 8708261 composite?
False
Is 26839363 prime?
True
Is 13993013 prime?
False
Is 276608639 composite?
True
Is 60427781 a prime number?
False
Is 14208083 prime?
True
Is 10138861 a composite number?
True
Is 11993407 a prime number?
True
Is 32229131 a composite number?
True
Is 7699633 composite?
False
Is 20261597 a prime number?
False
Is 12142987 a composite number?
True
Is 184153 composite?
False
Is 3197483 composite?
True
Is 3568531 composite?
True
Is 147619 prime?
False
Is 191238343 a composite number?
True
Is 23704969 composite?
False
Is 25503809 prime?
True
Is 1897021 prime?
False
Is 27255877 composite?
True
Is 27774203 a prime number?
True
Is 1701419 prime?
False
Is 3499087 prime?
True
Is 213219037 a composite number?
False
Is 47563849 prime?
True
Is 5779717 prime?
True
Is 415591 prime?
False
Is 1924049 prime?
False
Is 14268511 prime?
False
Is 312108397 a composite number?
False
Is 167152817 composite?
True
Is 128579849 a prime number?
False
Is 4909061 prime?
False
Is 776490709 a prime number?
True
Is 18648589 a prime number?
True
Is 3514649 prime?
True
Is 9403223 composite?
True
Is 26299621 a composite number?
True
Is 6948187 prime?
False
Is 13572337 prime?
False
Is 3708319 composite?
False
Is 9559699 a prime number?
True
Is 202815281 prime?
True
Is 58800899 a prime number?
False
Is 144572447 a prime number?
False
Is 292078181 a prime number?
True
Is 21585533 a composite number?
False
Is 20449603 prime?
False
Is 28875797 prime?
False
Is 814228033 a composite number?
True
Is 57390031 prime?
False
Is 1418513 prime?
True
Is 3612659 a composite number?
False
Is 834893 a prime number?
True
Is 19555649 a composite number?
False
Is 1123 composite?
False
Is 1126343 a composite number?
False
Is 613919 a composite number?
True
Is 5570617 a prime number?
False
Is 3683279 a composite number?
False
Is 2469781 prime?
True
Is 3268657 composite?
True
Is 151201 a prime number?
True
Is 18391193 composite?
True
Is 4531693 composite?
True
Is 83945611 prime?
False
Is 5363843 a prime number?
True
Is 42769861 prime?
True
Is 1175561 a composite number?
False
Is 8460479 a prime number?
True
Is 3444691 composite?
True
Is 71567713 prime?
False
Is 75000337 composite?
False
Is 918431 prime?
True
Is 3125741 a composite number?
True
Is 614345423 a prime number?
True
Is 20039879 a prime number?
True
Is 1372871 prime?
False
Is 45981407 a composite number?
False
Is 150913807 prime?
False
Is 121496987 composite?
False
Is 2455391 a prime number?
True
Is 9608297 composite?
False
Is 10807891 prime?
False
Is 1200049 a composite number?
True
Is 2616123 prime?
False
Is 138261355 a prime number?
False
Is 26971915 prime?
False
Is 3873239 a prime number?
True
Is 10759367 a prime number?
False
Is 573011 composite?
True
Is 7977779 composite?
False
Is 16402549 a composite number?
True
Is 33276207 prime?
False
Is 538891 a composite number?
True
Is 41570657 a prime number?
True
Is 2936207 a composite number?
False
Is 175417061 composite?
False
Is 37738211 a composite number?
True
Is 218043113 a composite number?
True
Is 7380851 composite?
False
Is 97241479 a composite number?
True
Is 54645163 a composite number?
False
Is 429821 a composite number?
True
Is 7639867 prime?
False
Is 1113583 composite?
True
Is 134909 composite?
False
Is 5043079 a composite number?
False
Is 32599951 a prime number?
False
Is 184150117 prime?
True
Is 266351 a composite number?
False
Is 2181629 prime?
True
Is 21698587 prime?
False
Is 14365283 prime?
True
Is 200868803 prime?
False
Is 29866169 a composite number?
False
Is 42002351 a composite number?
False
Is 243619637 a prime number?
False
Is 6449351 prime?
True
Is 238085467 a prime number?
False
Is 301651057 a composite number?
False
Is 3155513 composite?
False
Is 10223795 a prime number?
False
Is 75984787 prime?
True
Is 673043321 composite?
False
Is 46703221 prime?
False
Is 11669963 prime?
True
Is 21714295 a composite number?
True
Is 343863763 composite?
False
Is 4882211 a prime number?
True
Is 16563595 composite?
True
Is 2760097 composite?
False
Is 1076611 a prime number?
True
Is 4253803 prime?
True
Is 2144837 composite?
False
Is 12138463 prime?
False
Is 93407 a prime number?
True
Is 7136221 composite?
False
Is 529867115 a prime number?
False
Is 7279813 composite?
False
Is 182903857 a prime number?
True
Is 3049577 composite?
True
Is 732615341 a prime number?
True
Is 2068069 composite?
False
Is 248403239 prime?
False
Is 228250529 a prime number?
False
Is 303292105 a composite number?
True
Is 2781979 a composite number?
True
Is 154961 composite?
True
Is 2688827 prime?
False
Is 1051249 prime?
False
Is 213294251 prime?
True
Is 52372349 a composite number?
False
Is 1698838 prime?
False
Is 63189199 a prime number?
False
Is 124601537 a composite number?
False
Is 7917389 a composite number?
False
Is 36341 a prime number?
True
Is 6023087 prime?
False
Is 21825043 a prime number?
True
Is 2986277 composite?
True
Is 30005441 prime?
True
Is 1844149 prime?
False
Is 1559962 a prime number?
False
Is 439065829 composite?
True
Is 2009329 composite?
True
Is 336421901 composite?
False
Is 17108239 composite?
True
Is 248160865 a prime number?
False
Is 1899253 a composite number?
False
Is 496159 prime?
False
Is 55844599 prime?
False
Is 98545 a composite number?
True
Is 232932741 a prime number?
False
Is 40396169 a prime number?
False
Is 317903 composite?
False
Is 29401577 a composite number?
False
Is 185895209 composite?
False
Is 947913899 prime?
False
Is 362965439 composite?
False
Is 229493213 prime?
True
Is 1183723 a composite number?
False
Is 2839063 a composite number?
False
Is 5198057 prime?
True
Is 128625697 composite?
True
Is 63099137 prime?
True
Is 1607757 composite?
True
Is 79121737 a prime number?
True
Is 226312981 composite?
False
Is 3628561 prime?
True
Is 8192159 prime?
True
Is 51829117 composite?
True
Is 65276063 a composite number?
False
Is 11816719 a composite number?
False
Is 71754929 composite?
False
Is 505867 composite?
False
Is 16005979 prime?
False
Is 53197103 a composite number?
False
Is 113078093 prime?
True
Is 78463207 composite?
True
Is 169174235 a prime number?
False
Is 1325707 a composite number?
False
Is 11654147 a composite number?
False
Is 238034371 prime?
True
Is 108635291 a composite number?
False
Is 1060823 a prime number?
False
Is 3253463 prime?
True
Is 353125957 composite?
True
Is 191758493 a prime number?
False
Is 10406689 prime?
True
Is 100502003 composite?
True
Is 107377 composite?
False
Is 3636173 composite?
True
Is 6930821 prime?
False
Is 3150687 a composite number?
True
Is 50366174 prime?
False
Is 725071 prime?
True
Is 81976067 a prime numb